20
Let g(i) = -3 - 72*i - 48*i + 125*i. Let d be (-220)/66*12/(-10). Calculate g(d).
17
Let v(c) be the third derivative of 7*c**6/360 - c**5/30 + c**4/8 + 14*c**3/3 + 143*c**2. Let u(p) be the first derivative of v(p). Calculate u(2).
23
Let o(r) be the third derivative of r**4/24 + r**3/2 - 1567*r**2. What is o(11)?
14
Let k(m) = m**3 + 19*m**2 - 20*m + 11. Let t(v) = v**2 + 494*v - 20. Let n be t(0). Determine k(n).
11
Let h(f) be the first derivative of -5*f**2 + 21*f - 3946. Calculate h(-6).
81
Let p(q) = q - 12. Let w(u) = -u**3 - 42*u**2 - 438*u + 37. Let a be w(-20). Calculate p(a).
-15
Let a(l) be the third derivative of l**6/120 - 4*l**5/15 - 17*l**4/24 + l**3/2 - 4*l**2. Let k(w) = w**2 - 45*w - 1927. Let x be k(-27). Give a(x).
3
Let i(h) = 7*h + 1. Let a(n) = -44*n - 1. Let x(w) = a(w) + 5*i(w). Let k(u) = -5*u + 5. Let b(y) = 3*k(y) - 2*x(y). Let l = 13 - 8. Give b(l).
22
Suppose -12*a + 7*a = 3*f - 89, -36 = -3*a + 4*f. Let w(r) = -3*r**3 + 49*r**2 - 14*r - 30. Calculate w(a).
2
Let f(g) = -7*g**3 - g**2 - g. Let h = -157 + 159. Suppose h*j = -11*j - 13. Give f(j).
7
Let o(d) = -18*d + 401. Suppose 435*q + 21*q - 2497 = 7535. Give o(q).
5
Let h = 1197 + -1198. Let g(q) = 34*q**2 - 3*q - 4. Determine g(h).
33
Let z(q) = -2*q**3 - 20*q**2 - 31*q. Suppose 106*k - 107*k = -5*b - 46, -2*k + 12 = 0. Calculate z(b).
-8
Let y be (24/(-34))/((-180)/1530). Let n(m) be the second derivative of -1/6*m**4 + 2/5*m**5 + 0 + 0*m**3 - y*m + 1/2*m**2. What is n(1)?
7
Let q(p) = -p + 15. Suppose -3*g = -0*w - 5*w - 75, 4*g = -7*w - 64. What is q(w)?
27
Let o(s) = -5*s + 4. Suppose 20*x - 68 = 12. Determine o(x).
-16
Let h(y) be the first derivative of -y**3/3 - 9*y**2/2 - 16*y + 192. Calculate h(-6).
2
Let p(m) = -4*m**3 + 5*m**2 - 2*m + 1. Suppose 117*a - 162*a = 25 - 160. Give p(a).
-68
Suppose 3*o = 0, -o + 3 = 2*u - 5. Suppose -t = l - 2*t - 43, -u*l = t - 157. Let q(m) = 2*m - m + m**3 + 0*m + 34*m**2 - l*m**2 + 5. Calculate q(5).
-15
Suppose 23550 - 23165 = 35*l. Let k(o) = -2*o**3 + 22*o**2 - 2*o + 30. What is k(l)?
8
Let z(s) = 29*s**2 - 3*s - 16. Let b(d) = -4*d**2 + 2. Let m(u) = 7*b(u) + z(u). What is m(6)?
16
Let b(w) = w**3 + 10*w**2 - 17*w - 27. Let h = 30238 + -30249. Calculate b(h).
39
Let g be -56 - (16/(-4))/4. Let b = g + 51. Let q(v) = 3 + v**3 + 5*v**2 + 22*v - 12*v - 7*v - 2. Calculate q(b).
5
Suppose -3*f - 31 = -7. Let s(g) = 2. Let y(m) = -m**3 - 7*m**2 + 9*m - 3. Let h(d) = 3*s(d) + y(d). Let c be h(f). Let q(x) = -x**2 - 7*x - 3. Calculate q(c).
7
Let s(v) = -v**3 - 7*v**2 - 4*v + 8. Let d be 152/(-266)*(4 + 3). Determine s(d).
-24
Let j(k) = -5*k - k**2 + 4277 + 4*k**3 - 4276 - 3*k**3. Give j(5).
76
Let y(p) = -p**2 - 286*p - 3821. Let n be y(-14). Let u(w) = -w**3 - 11*w**2 + 33*w + 89. Give u(n).
-2
Let f(i) = 39*i - 765. Let a(p) = 59*p - 1202. Let o(v) = -5*a(v) + 8*f(v). Give o(7).
9
Let v(d) be the second derivative of -d**6/120 - d**5/12 + 5*d**4/24 + 5*d**3/6 - 38*d**2 - 96*d. Let m(s) be the first derivative of v(s). What is m(-6)?
11
Suppose w = -p + 16, -7*w - 96 = -11*w + 4*p. Let s(t) = -9*t + 191. Calculate s(w).
11
Let y(z) = 13*z**2 - 15. Let r(m) = -171*m**2 + 195. Let p(f) = 2*r(f) + 27*y(f). Let v(o) = 5*o**2 - 8. Let j(l) = 4*p(l) - 7*v(l). Give j(6).
32
Let g = 19 + 33. Suppose -2*h - g = -15*h. Let b(c) = -9 + h*c - 6*c - 6 + c. Determine b(-9).
-6
Let r(p) = -p**3 + 8*p**2 - 8*p - 14. Let v be r(7). Let x be 0/v + 6/(1*-2). Let c(a) = a**2 + 2*a - 3. Give c(x).
0
Let l(i) = 5*i - 36. Let q(w) = w - 4. Let o(m) = 2*l(m) + 2*q(m). Let g be o(7). Let c(r) = -r**3 + 2*r**2 + 3*r - 3. What is c(g)?
-23
Let m(p) = -p + 3*p + 3 - 4*p. Let o(n) = n**2 - 30*n + 212. Let d be o(16). Determine m(d).
27
Suppose -h = -6*h - 5, h = 3*t - 22. Let b be (37 - 32) + 0 + 2. Let l(m) = -3*m**3 + 4*m**3 - b*m - 6*m**2 - m. Give l(t).
-7
Suppose -2*n = 5*s - 17 - 14, -5*n = 3*s - 30. Let v(a) = -1 + s*a**3 - 4*a**3 - 5*a - 3 + 2*a**2. Suppose u = 2*c - 13, 2*c - 43 = 21*u + 6*c. What is v(u)?
2
Let y(z) = 2*z**3 + 11*z**2 + 8*z + 8. Let l be y(-3). Let r(c) = 30*c**2 - l*c**2 + 2*c + c**3 - 81 + 78. Give r(-3).
-27
Let u(c) = -3*c**2 + 23*c + 15. Let j(q) = -q**2 + 11*q + 8. Let l be ((-4)/(-6))/(4/(-12)). Let r(p) = l*u(p) + 5*j(p). What is r(-9)?
10
Let t(o) be the third derivative of -o**5/60 + 17*o**4/12 - 118*o**3/3 + 220*o**2. Let p be t(23). Let m(y) = 2*y - 39. Calculate m(p).
-5
Let p(y) = -y**2 - 4*y + 28. Let k be p(-7). Let u(w) = 6*w**3 + 2*w**2 - k*w**3 - 4 + 0*w**3 - 3*w - 3*w**2. Calculate u(-3).
23
Let d(c) = -c - 11. Let b = -9020 - -9012. Determine d(b).
-3
Let h(u) = u**2 + 10*u + 2. Let w(v) = 22 - 4*v + v**3 - v**2 - 20*v**2 + 22*v**2 + 6*v**2. Let d be w(-8). What is h(d)?
2
Let d(w) be the second derivative of 3*w**4/4 + w**2/2 - 3*w. Let o be 140/378*-21 + 8 - 11/9. Calculate d(o).
10
Suppose 0 = 5*y - 11 - 4. Let s(t) = 9*t + 4. Let p(x) = -8*x - 4. Let i(h) = y*s(h) + 4*p(h). Suppose -7*d = 19 + 2. Give i(d).
11
Let c(x) be the first derivative of x**4/4 + 3*x**3 - 37*x**2/2 + x + 4119. What is c(-12)?
13
Let o(n) be the second derivative of -n**7/2520 - n**6/80 - 3*n**5/40 - n**4/12 - n**2 - 24*n. Let t(s) be the third derivative of o(s). Give t(-6).
9
Let l(n) be the third derivative of n**4/4 + 37*n**3/6 - 720*n**2. Give l(-7).
-5
Let z(a) be the first derivative of -3*a**2/2 - 7*a - 356. Determine z(3).
-16
Let n(h) = 2*h. Suppose -144 = 2*q - 14*q. Suppose 3*g + q = -4*f, 0*f + 3 = -3*g - f. Suppose g = -4*j + 8, -7 = -3*w - 9*j + 4*j. Give n(w).
-2
Let y = -447 - -630. Let f(k) = y*k - k**2 - 94*k - 20 - 91*k. Determine f(0).
-20
Let j(k) = -3*k**2 + 35*k + 15. Let m be j(12). Let l(a) = -3*a**2 + 0*a**2 + 2*a**m + 7*a**2 - 2*a**2. Calculate l(-3).
-36
Let s(y) be the first derivative of y**2 - y + 2. Let g be s(2). Let m(o) be the third derivative of -o**6/120 + o**5/30 - 2*o**3/3 + o**2 - 159. What is m(g)?
-13
Let b(o) = o**2 - 3*o - 2. Let a(h) = -7*h + 2. Let y = -17 + 22. Let i be a(y). Let s = 36 + i. What is b(s)?
-2
Let g(r) = -10*r**2 - 2*r - 1. Let n(w) be the second derivative of -1/3*w**3 - 2*w**2 + 1/12*w**4 - 14*w + 0. Let c be n(3). Give g(c).
-9
Let u(w) be the first derivative of -3*w**2 - 1/3*w**3 + 11*w - 34. Give u(-8).
-5
Let u(a) be the first derivative of a**4/4 + 7*a**3/3 + 6*a**2 + 20*a - 2086. Give u(-6).
-16
Suppose -3*r - 111 = 2*k, 5*k = 3*r - 4*r - 284. Let u = 60 + k. Suppose 3*v + 2*l = -4, 6 = 2*v - u*l - 13. Let g(c) = 3*c**2 - 3*c + 1. What is g(v)?
7
Let d be 144/(-27) + 1/3. Let y(q) = -q - 1. Let m(j) = -2*j + 11. Let p(r) = -r + 7. Let w(v) = 5*m(v) - 8*p(v). Let k(u) = w(u) - 3*y(u). Calculate k(d).
-3
Let n = 0 - -2. Suppose 3*t - 15 = 2*v, n*t + 12 = -2*v + 4*t. Let h(b) = -b**3 - 2*b**2 - b + 2. Determine h(v).
14
Let d(r) = 3*r + 122411 + 122412 - 244830. Give d(1).
-4
Let u(p) = -10*p - 1. Suppose 0 = 4*r + 39 + 81. Let l(f) = -5*f + 9. Let a be l(8). Let g = a - r. What is u(g)?
9
Let c(v) = -v. Let u be c(-3). Suppose -u*j = -4 - 20. Suppose j = 4*s - a - 11, a = -5*s + 26. Let k(l) = -l**2 + 5*l - 6. What is k(s)?
-6
Let o(c) be the first derivative of -c**4/4 - 2*c**3/3 + 3*c**2 - 2*c + 4557. Give o(4).
-74
Suppose -4*y = -3*u - 4, 3*u = -u. Let p(c) = -1. Let h(d) = d**2 + 5*d - 7. Let b be 18*(-76)/(-513)*6/(-4). Let x(l) = b*p(l) + y*h(l). Calculate x(-6).
3
Suppose 2*m = r - 3 + 11, -3*r - 2*m + 16 = 0. Suppose -12*p - r = -11*p. Let d(q) = 2*q**2 + q - 2. Let a be d(p). Let b(k) = -k**2 + 5*k - 1. Determine b(a).
3
Suppose -5*m = -3*l + 13, m - 2*l + 21 = -6*l. Suppose -2*y = -y. Let i(p) = y*p**3 + 3 + 3*p - 3*p**2 - 2*p**2 - p**3. Calculate i(m).
-12
Suppose -552 = -14*m + 372. Suppose 0 = 8*q - 2*q + m. Let l(z) = z**2 + 12*z + 2. Determine l(q).
-9
Let w be ((-12)/(-8) - ((-1505)/14)/5) + -6. Let q(g) = g**3 - 18*g**2 + 16*g + 26. Calculate q(w).
9
Let z(l) = -1 + 5*l**2 + 4 - 945*l - l**3 + 0*l**2 + 939*l. Calculate z(5).
-27
Let b(i) = -2*i + 1. Let v(m) = -m - 14. Let d(k) = 2*k + 53. Let t be d(-13). Let r = t - 34. Let f be v(r). Determine b(f).
15
Suppose -4 + 8 = 2*f. Let b(v) = 11*v**3 - 8*v**2 + 3 - 12*v**3 + 3*v**f. Let w be 0 + (-4)/(-6)*-6. Calculate b(w).
-13
Let b(z) = 35*z**2 + 2*z + 1. Suppose 5*v + 10*h + 8